 - 120. Let l = y - -41. Suppose 0 = -d - g + l, d - 3*g - 5 = 27. Calculate the remainder when 48 is divided by d.
14
Let x = 94 + -87. Calculate the remainder when 9 is divided by x.
2
What is the remainder when 213 is divided by (-3)/4 + 365*33/220?
51
Let k(v) = v**2 + 19*v - 175. Calculate the remainder when 110 is divided by k(-27).
28
Suppose -5*g - 88 = -i + 188, 600 = 2*i + 6*g. Calculate the remainder when i is divided by 21.
18
Suppose -5*h = -2*p - 490, -35 = -3*h + 4*p + 273. What is the remainder when h is divided by 20?
16
Let z(o) = -o**2 - 39*o - 147. What is the remainder when 482 is divided by z(-34)?
22
Let v be -3*((-23)/(-9))/(8/(-48)). Suppose 16 = 4*j, -3*j - v + 8 = -5*i. What is the remainder when 58 is divided by i?
8
Let k(h) = -h**3 + 11*h**2 + 13. Let o be k(11). Let y = -3 + o. What is the remainder when 12 is divided by y?
2
Let g = -656 - -665. Suppose 0 = -a - 5*l + 44, 5*l - 8 = 2*a - 66. What is the remainder when a is divided by g?
7
Let v = -159 + 211. Calculate the remainder when 141 is divided by v.
37
Let q(s) = -10*s. Let u(t) = -30*t. Let r(h) = 10*q(h) - 3*u(h). Let m = -268 + 265. What is the remainder when r(m) is divided by 12?
6
Suppose -5*i = -4*s + 38, -4*s - 5*i - 10 + 68 = 0. Let o = 1836 - 1828. Calculate the remainder when s is divided by o.
4
Suppose -6*a = 7*a - 299. What is the remainder when 156 is divided by a?
18
Suppose -7*s + 1103 - 200 = 0. Calculate the remainder when s is divided by 12.
9
Suppose -d = 2*d - 5*j - 46, 2*d - 30 = 3*j. Let n = d + 42. Suppose -2*f + 5*v + 43 = 0, -v - 1 = 3*f - 57. Calculate the remainder when n is divided by f.
16
Let j = 6 + -1. Suppose -11*f = -41 - 520. Suppose -f + 1 = -j*u. What is the remainder when 17 is divided by u?
7
Suppose 822 = -4*s + 5*w, -2*w - 3 = -7. Let n = 206 + s. Suppose 4*c = 2 + 2. What is the remainder when n is divided by c?
0
Let r = 331 + -21. What is the remainder when r is divided by 53?
45
Let w(y) = 11*y**2 - 47*y + 241. Calculate the remainder when w(7) is divided by 38.
33
Suppose 0 = -2*j + 5*k + 60 + 12, 0 = -2*j - 3*k + 40. What is the remainder when j is divided by 17?
9
What is the remainder when -286*(-3)/6*1 is divided by (6/(-18))/(1/(-36))?
11
Let v = 75 - -2. Calculate the remainder when v is divided by 39.
38
Let d be 2 + (1 - 2) - 0. Let b be 3/(-3)*(d - 1). Suppose 195 = 5*t - b*t. Calculate the remainder when t is divided by 14.
11
Suppose z + 1 = 3*o - 2*o, -5*o - 3*z + 29 = 0. Suppose p = -3*k + 5*p + 157, -o*k + 231 = -p. Let x = 67 - 52. Calculate the remainder when k is divided by x.
14
Suppose -j - 5*w + 31 = 0, j + 17 = 3*j - 5*w. What is the remainder when 61 + (-3)/2*j/(-12) is divided by 16?
15
Let r(y) = 4*y - 6. Let p be r(-5). Let o = p - -93. Let b = 18 - -5. Calculate the remainder when o is divided by b.
21
Let b(y) = -17 + 14*y + 17*y - y**2 - 45*y. Calculate the remainder when b(-12) is divided by 3.
1
Let g(t) = -t**3 - 2*t**2 - 2. What is the remainder when 114 is divided by g(-4)?
24
What is the remainder when (-2)/(-5) + (-864)/(-15) is divided by (-7 - 9/3)*(-1 + 0)?
8
Suppose -28 = -2*c - 4*q + q, -12 = -3*c + 3*q. Suppose -5*o + 2*v + 151 = 0, 3*v - 107 = -0*o - 4*o. What is the remainder when o is divided by c?
5
Let i = 419 + -362. Calculate the remainder when i is divided by 30.
27
Let x = -4209 + 4221. Let u(b) = 3*b**3 + b - b**3 - 4*b**2 - 1 - 2*b. Calculate the remainder when u(4) is divided by x.
11
Let k(c) = -c**2 - 53. Let v be k(0). Suppose -2*j = m - 85, 2*m - 2*j - 206 = 3*j. Let n = m + v. Calculate the remainder when n is divided by 14.
12
Let w be (-97)/3 + (-8)/12. Calculate the remainder when (w/1)/((-3)/3) is divided by 105/9 + 2/6.
9
Let g(h) = h**3 - 8*h**2 - 7*h - 11. What is the remainder when (14 - 1) + 20/10 is divided by g(9)?
1
Let w(h) = -9*h + 3. Let t be w(-4). Let o = 5 + t. Calculate the remainder when o is divided by (-5 + 4)*23/(-1).
21
Suppose -61*n = -63*n + 6. Suppose -n*c - 2 + 29 = 0. What is the remainder when 62 is divided by c?
8
Calculate the remainder when 49 is divided by (-2)/(-5)*(14 - -26).
1
Suppose 8 - 4 = -3*v - 5*q, -5*q - 18 = v. Suppose -3 = -6*i + 21. What is the remainder when v is divided by i?
3
Suppose -29*z = 35 - 238. What is the remainder when 223 is divided by z?
6
Suppose 236*q - 231*q = 205. Calculate the remainder when 203 is divided by q.
39
Let z = 2 + -34. Let j(o) = -o**2 - 32*o + 70. What is the remainder when j(z) is divided by 24?
22
Suppose -3*b = 5*b - 488. Let v = b - 55. What is the remainder when 29 is divided by v?
5
Suppose -r + 2*w + 7 - 3 = 0, -3 = -r + w. Let k = -5 - -11. Calculate the remainder when k is divided by (-7)/((-7)/2) + r.
2
Calculate the remainder when 200 is divided by 5*624/90 - 2/3.
30
Let k(x) = x**2 + 55. Let h be k(0). Let f = h - 9. Let q = 445 + -433. Calculate the remainder when f is divided by q.
10
Let i(v) = v**3 + 23*v**2 - 2*v - 42. Calculate the remainder when 7 is divided by i(-23).
3
Let h = 67 - 51. What is the remainder when 4 + (52 - h/4) is divided by 15?
7
Let v = -54 + 82. What is the remainder when ((-192)/v - -4)/(8/(-28)) is divided by 4?
2
Suppose -2*p = 3*y - 84, 144 = 10*y - 5*y + 2*p. What is the remainder when 45 is divided by y?
15
Let j(g) = 2*g**2 - g + 6. What is the remainder when j(3) is divided by 1/(5/(-75)*-3) + -3?
1
What is the remainder when (25/5 - 3)/(2/111) is divided by 8?
7
Suppose 4 = k, 2*i - 4*i - 5*k + 54 = 0. Let v = 35 - i. Let c(b) = b**2 - 4*b - 12. Calculate the remainder when c(-5) is divided by v.
15
Let f(r) = -9*r - 48. Calculate the remainder when f(-8) is divided by 8.
0
Suppose h - 9 = 2*a + a, -1 = -3*h - 4*a. Let w be (-1 - 0) + -3 + 18 + -1. Let c(j) = 3*j - 32. What is the remainder when c(w) is divided by h?
1
Let k(b) = -5*b**2 - 9*b + 3. Let d(o) = -o**3 - o**2. Let t(i) = 2*d(i) + k(i). Calculate the remainder when t(-5) is divided by 16.
11
Suppose -14*t + 385 = 21*t. What is the remainder when 153 is divided by t?
10
Calculate the remainder when 23016/132 + (-4)/11 is divided by 16.
14
Let a = 2470 + -2403. Let c(q) = 2*q + 4. What is the remainder when a is divided by c(7)?
13
Let a = 168 - 105. Let i = a - 59. Suppose 0*g + 10 = 2*g. Calculate the remainder when g is divided by i.
1
Let z = 198 - 181. Calculate the remainder when 31 is divided by z.
14
Let h = 16 - 9. Let r be h/42 - (-358)/12. Suppose -2*m + r = 3*m. What is the remainder when 27 is divided by m?
3
Let p(b) = -7*b - 65. Let y(t) = -14*t - 130. Let x(d) = 5*p(d) - 3*y(d). Calculate the remainder when x(6) is divided by 33.
8
Suppose -11*k + 81 = -62. What is the remainder when 92 is divided by k?
1
Suppose 12*r - 162 = 17 + 61. What is the remainder when 39/4*8*1 is divided by r?
18
Let z(i) = -i + 9. Calculate the remainder when 53 + 48/6 + -8 - 2 is divided by z(0).
6
Suppose 3*o = -2*h + 73, -o + 22 - 27 = 0. Calculate the remainder when 76 is divided by h.
32
Let a = 14 + -52. Let j be ((-12)/8)/((-1)/a). Let z = -29 - j. What is the remainder when z is divided by 10?
8
Suppose 2*i - 3 = -1. Let d be 0/i - (-3 - -1). Suppose d*p - 150 = -p. Calculate the remainder when p is divided by 17.
16
Let t(h) = 43*h + 1 - 2*h**2 - 43*h + 22*h**3. What is the remainder when t(1) is divided by 2/((-68)/(-16) + -4)?
5
What is the remainder when ((-834)/(-18))/((-2)/(-18)) is divided by 70?
67
Let l = -403 - -439. Calculate the remainder when 69 is divided by l.
33
Suppose -5*y + 7 + 8 = 0, 2*y + 180 = 3*p. Calculate the remainder when p is divided by 16.
14
Let z = -12 - -12. Suppose z = 2*d - 3*t - 21, 15 = 4*d + t - 48. What is the remainder when d is divided by (-2)/4 - (-26)/4?
3
Let y(m) = -29*m + 11. What is the remainder when 238 is divided by y(-1)?
38
Suppose -h - t - 2*t - 91 = 0, -3*h - 5*t - 285 = 0. Calculate the remainder when 196 is divided by (-12*15/h)/((-2)/(-20)).
16
Let w(h) = -4*h + 107. What is the remainder when 75 is divided by w(22)?
18
Suppose 2*u - 102 = 84. What is the remainder when u is divided by 16?
13
Suppose 4*a - 12 = 2*a. Calculate the remainder when 791 is divided by a.
5
Suppose -2*f - 1478 = -1680. Calculate the remainder when f is divided by 51.
50
Suppose 0*r + 2*r = 54. Let v(n) = 5*n**2 - 61*n - 249. 